4
Calculate the greatest common factor of 4108 and 7742332.
52
Calculate the highest common factor of 217095894 and 6.
6
What is the greatest common factor of 12677730 and 195?
195
What is the highest common divisor of 2895 and 1577265?
15
What is the greatest common factor of 5168331 and 54?
9
What is the highest common divisor of 771021768 and 1721?
1721
What is the highest common divisor of 6 and 131063706?
6
What is the highest common divisor of 114581747 and 1?
1
What is the greatest common factor of 88 and 34159752?
88
Calculate the highest common divisor of 26540 and 11200.
20
What is the greatest common factor of 167388 and 77700?
444
Calculate the highest common divisor of 58 and 18264113.
29
Calculate the highest common factor of 2785489 and 72311.
433
What is the highest common divisor of 87 and 21717172?
29
What is the greatest common divisor of 782314 and 988?
26
Calculate the highest common divisor of 11 and 2185484708.
11
What is the greatest common factor of 11143 and 31933?
11
What is the highest common factor of 97104 and 43750112?
1904
Calculate the greatest common divisor of 374004306 and 36.
18
Calculate the highest common divisor of 7200 and 164916.
36
What is the highest common divisor of 1204250838 and 84?
42
What is the greatest common factor of 68005 and 165445?
1015
What is the highest common divisor of 69852 and 709524?
12
Calculate the highest common factor of 3463645 and 110.
5
Calculate the highest common divisor of 112052270 and 165.
55
What is the highest common divisor of 6080 and 765168?
304
What is the highest common divisor of 788 and 177054341?
197
Calculate the highest common factor of 514724 and 12152.
868
Calculate the highest common divisor of 61125396 and 12.
12
What is the greatest common factor of 32 and 352442032?
16
What is the highest common factor of 2030 and 34365?
145
Calculate the highest common divisor of 27166348 and 748.
44
What is the highest common divisor of 128 and 50869184?
64
What is the highest common factor of 590032288 and 128?
32
What is the greatest common divisor of 8351 and 134379520?
1193
What is the greatest common divisor of 56942 and 348870?
802
What is the highest common factor of 3465 and 4014780?
1155
Calculate the highest common divisor of 28532 and 64.
4
What is the greatest common divisor of 342 and 12084684?
114
Calculate the highest common divisor of 4900 and 2249737.
49
Calculate the greatest common divisor of 1445126925 and 11341.
11341
Calculate the greatest common divisor of 10604 and 22790647.
2651
What is the highest common factor of 104 and 31844410?
26
What is the greatest common divisor of 75 and 1224444225?
75
Calculate the greatest common factor of 412861410 and 3.
3
Calculate the highest common divisor of 2561552 and 13048.
56
What is the highest common factor of 206089 and 3071?
83
What is the highest common divisor of 409582 and 72?
2
Calculate the greatest common divisor of 252121 and 5671.
53
What is the highest common divisor of 8 and 10225972?
4
What is the greatest common divisor of 8712 and 16803512?
968
Calculate the highest common divisor of 19615 and 87105.
5
Calculate the greatest common factor of 184 and 5642432.
8
What is the highest common divisor of 47538384 and 48?
48
What is the greatest common divisor of 95378671 and 7694?
3847
What is the highest common divisor of 76072 and 635818?
514
What is the greatest common divisor of 220860 and 972?
108
Calculate the greatest common divisor of 49825 and 877925.
25
Calculate the highest common divisor of 14258538 and 371448.
8442
What is the greatest common factor of 100125 and 89?
89
What is the highest common factor of 71 and 1026791705?
71
Calculate the highest common divisor of 120 and 791765490.
30
What is the greatest common divisor of 5760 and 5526?
18
Calculate the highest common divisor of 976961 and 59223.
19
Calculate the greatest common divisor of 24 and 104876984.
8
What is the greatest common factor of 137021724 and 16?
4
What is the greatest common divisor of 2168698 and 1344098?
8246
What is the highest common divisor of 615494 and 1668722?
2222
What is the highest common divisor of 15950 and 139495800?
1450
What is the highest common divisor of 35976196 and 2498?
2498
What is the greatest common factor of 64539 and 221796?
909
What is the highest common divisor of 606 and 298366322?
202
What is the highest common divisor of 45 and 1878372?
9
Calculate the highest common factor of 19638192 and 12660.
2532
Calculate the greatest common divisor of 511 and 9904567.
73
Calculate the greatest common divisor of 7184 and 148528.
16
Calculate the greatest common divisor of 242 and 15898278.
22
What is the greatest common factor of 36265790 and 880?
110
Calculate the highest common factor of 4080 and 13837830.
510
What is the highest common divisor of 2583819 and 219821?
217
What is the highest common divisor of 2925 and 593814?
39
What is the highest common divisor of 15182772 and 143?
11
Calculate the greatest common factor of 2349 and 43322607.
2349
What is the greatest common divisor of 40277975 and 50?
25
Calculate the highest common divisor of 585754 and 370862.
3466
What is the greatest common divisor of 826770 and 617220?
3810
What is the greatest common divisor of 20169 and 3532491?
243
Calculate the greatest common factor of 27104 and 25844896.
2464
Calculate the highest common factor of 627634 and 826.
14
Calculate the greatest common factor of 15651532 and 3424.
428
Calculate the greatest common divisor of 48620 and 23439260.
4420
What is the highest common factor of 7159802 and 78?
26
What is the greatest common factor of 13920 and 1623200?
160
What is the highest common factor of 60852 and 2233?
11
Calculate the highest common factor of 29069 and 4870472.
41
Calculate the highest common divisor of 549120 and 20336160.
6240
Calculate the greatest common factor of 27759794 and 7322.
1046
What is the highest common divisor of 284 and 393523819?
71
What is the highest common factor of 242 and 4764859?
121
Calculate the highest common divisor of 2648860 and 12180.
580
Calculate the highest common factor of 1255110 and 47210.
10
What is the highest common divisor of 43516 and 24817?
23
Calculate the highest common factor of 3231 and 889524.
9
What is the highest common factor of 33276869 and 7976?
997
Calculate the highest common factor of 2217 and 284687187.
2217
Calculate the highest common divisor of 144714252 and 99197.
14171
What is the greatest common factor of 3639172 and 180564?
1468
What is the greatest common divisor of 111 and 2919170019?
111
Calculate the highest common divisor of 35 and 206110555.
35
What is the greatest common factor of 2390613888 and 5044?
5044
What is the highest common divisor of 16662927 and 403614?
3957
What is the highest common divisor of 78080 and 2663680?
1280
Calculate the highest common factor of 205261621 and 34.
17
What is the greatest common factor of 4991 and 18087167?
217
What is the greatest common factor of 122824260 and 5?
5
What is the highest common factor of 298354156 and 4?
4
Calculate the greatest common factor of 7494390 and 216.
54
Calculate the highest common factor of 798594 and 71142.
1002
Calculate the highest common divisor of 37715903 and 622.
311
Calculate the highest common factor of 16852 and 5771044.
1532
Calculate the highest common divisor of 47 and 478839995.
47
What is the highest common divisor of 950 and 1876212?
38
Calculate the highest common factor of 6721453 and 82407.
2113
Calculate the greatest common factor of 80471820 and 27888.
996
Calculate the greatest common factor of 39710 and 31197430.
2090
Calculate the highest common divisor of 3080 and 7531370.
770
What is the highest common divisor of 327 and 416365176?
327
What is the greatest common divisor of 1222 and 562214?
94
Calculate the highest common factor of 1415 and 1269168685.
1415
What is the greatest common factor of 5806 and 160509773?
2903
What is the highest common factor of 203745 and 1739?
47
Calculate the highest common factor of 1032522 and 1110.
222
What is the greatest common factor of 5846139 and 234?
117
Calculate the highest common factor of 75276 and 1655006.
82
Calculate the greatest common factor of 3606 and 44674734.
360